 (9 - 16 - -3)?
-2
-1 + -2 + (-4 - 0 - -6)
-1
0 + -1 + (9 - 5)
3
What is the value of 9 + -3 + 1 + -4 + -7?
-4
Evaluate 8 - (-1 + -1 - -12).
-2
What is 14 - (15 + (2 - -8))?
-11
What is the value of (6 - 3) + (1 - 1)?
3
What is the value of -15 + (1 - 0) + (4 - -3)?
-7
-4 - (6 + (-12 - (0 + -5)))
-3
Calculate -8 - 1 - (-30 - (-42 + 19)).
-2
What is -6 + 1 + -5 + 9?
-1
What is the value of -3 + 2 - -3 - (1 + 2)?
-1
3 - 3 - -5 - 4
1
What is the value of -1 + -4 + (0 - -3)?
-2
Evaluate 3 - 1 - (-14 - -21).
-5
5 - (-2 + -1 + (40 - 37))
5
What is the value of (9 - 19) + (-2 - -8)?
-4
Calculate -5 - -1 - (19 - 21).
-2
What is 2 + -3 - (-4 - (-6 - -4))?
1
(-82 - -84) + (3 - 2) + 0
3
Calculate 10 + 6 + -11 - 6.
-1
Evaluate -2 + 1 + -1 + 3 + -3.
-2
Calculate 3 - (-1 + (-2 + 7 - 2)).
1
What is -6 + (11 - 6) + 2?
1
What is -4 + (-1 - (-4 + 0)) - -2?
1
Calculate (-16 - -1 - -4) + -5 + 5.
-11
What is the value of 2 + (1 - 5) - -1?
-1
What is -1 - -4 - (39 + -29)?
-7
What is 12 + -19 + 10 - -1?
4
What is 0 + (2 - -5 - 5 - 1)?
1
Evaluate 4 - 7 - (1 + -1).
-3
What is -1 + (6 - 11) + (7 - 0)?
1
Calculate 6 - (5 + 1) - 6.
-6
What is the value of -2 + (-9 - -4) + 11?
4
What is 1 + -3 + -3 + 6 + 5?
6
Calculate (9 - (10 + -8)) + -12.
-5
-7 - -8 - (-12 + 15)
-2
What is the value of -3 - -3 - (1 + -3)?
2
Evaluate (0 - 2) + (-12 - -12).
-2
What is the value of -3 + (9 - 8) + 5?
3
What is the value of -4 + (3 - 3) + 5 + -5?
-4
(-16 - -9) + (3 - -8)
4
Calculate 1 + 0 + 0 - (-109 + 116).
-6
What is the value of -3 + (4 - 6) + (6 - -2)?
3
Evaluate -9 - (-8 - -9 - 13).
3
Evaluate -1 + -3 + 6 + (-16 - -14).
0
9 + (-7 - 11) + 13
4
What is -1 - -2 - (-7 - -8)?
0
Calculate 9 + -11 + 5 + 1.
4
What is the value of 0 - 2 - 2 - (-3 + 1)?
-2
Evaluate 9 + -6 + 1 + 3 + -2.
5
-5 + 4 - (-1 - (0 + -2))
-2
-2 + (2 - 0 - -2) - -3
5
5 - (1 + -1 + -2 + 3)
4
What is the value of (-3 - (-6 + 3)) + 3 + 2?
5
Evaluate 5 - 4 - 4 - 0.
-3
Evaluate 7 + -6 + 2 + -3.
0
What is (0 - (5 - (2 - 1))) + 3?
-1
Calculate 14 + -13 + (1 - -1).
3
What is the value of 0 + 15 - (-38 - -47)?
6
What is 4 + -5 + 5 + -2 - -1?
3
Calculate 6 - (-8 - -3 - -2 - -6).
3
What is 13 + 2 + -6 + -5?
4
What is 4 + (7 - 10) + 5?
6
What is -2 + (8 + -4 - 4) + 0?
-2
What is (-8 - (8 - 16)) + (8 - 0)?
8
What is 4 - 0 - (12 + -11)?
3
What is the value of (14 + -10 - (-1 + -4)) + -4?
5
Calculate 2 - 12 - (0 - 5).
-5
What is the value of 4 - (6 - (-1 + -1))?
-4
What is -1 + 3 - (17 - 13)?
-2
What is the value of 2 - ((-4 - -6) + -5)?
5
Calculate 12 - (2 - (-2 + -9)).
-1
What is the value of 3 - 3 - (5 + -6)?
1
Calculate (0 - (3 - 4)) + -4.
-3
Calculate (1 + 4 - 18) + 12 + -7.
-8
Evaluate 3 + 3 + -17 + 11.
0
-6 - (-6 + 3 + (7 - 9))
-1
Evaluate 10 + -1 - 10 - (-9 - -4).
4
What is the value of -6 + (2 - -3) - -4?
3
Evaluate -2 + (1 - 0) + (-2 - 0).
-3
What is the value of 2 - 2 - (1 + 1)?
-2
1 - 2 - (-9 - 12 - -29)
-9
Calculate -7 + 10 + (5 - 9).
-1
-2 - (-1 + (-6 + 1 - -5))
-1
-1 + (-7 - -6 - 1 - 0)
-3
What is the value of -8 + 4 - (-1 + -4)?
1
3 + -4 + 3 + 1
3
Calculate 3 - (3 - -2 - 4) - 0.
2
4 + (-12 - -7) - -5
4
Evaluate (-6 + 2 - (-3 + -3)) + -2.
0
Calculate -8 - (2 - 9) - -5.
4
(-2 - -2 - -12) + -15
-3
What is 4 - -6 - 8 - 7?
-5
Evaluate 3 + 2 + -4 + -2 + -2.
-3
What is 7 - (-1 - (-15 + 7))?
0
What is the value of 2 - (-1 - (1 - 2))?
2
Calculate -4 - (4 - (7 - (-4 + 7))).
-4
-6 + -5 + 26 + -8
7
Calculate 6 + -6 + 2 + 2.
4
What is 5 + -13 + -2 + 3 - -4?
-3
What is the value of -5 - (-1 + 3 + -26 + 21)?
-2
What is the value of 1 + (-3 - -3) + -6?
-5
What is the value of -8 + 12 - (1 + -1 + 4)?
0
Evaluate -5 - (3 - 2 - (2 + 1)).
-3
-2 + 5 + -7 + 5
1
-3 - 1 - (3 - (6 + 0))
-1
What is the value of (1 - -5) + -6 - -4?
4
Evaluate 1 - (0 + 1 - (6 - 3)).
3
What is the value of -3 + 0 + 3 - (1 - -3)?
-4
Calculate 0 - (4 - 1) - (0 - 2).
-1
What is the value of -14 + -2 + 1 + 9?
-6
Evaluate (29 - 34) + -1 + 2.
-4
What is the value of -6 + 1 + -2 + 2 + 2?
-3
-10 - -8 - (3 + -1)
-4
What is the value of -5 + 8 + -4 - (7 + -3)?
-5
Calculate -2 - (1 + 1 + 0).
-4
Calculate -1 + (-1 - (-2 + 3)) - -2.
-1
What is the value of 2 + (1 - (0 + 1))?
2
What is 0 + -2 - (26 + -30)?
2
Evaluate -5 + 0 + 6 + (-5 - -1).
-3
Calculate (16 + -12 - -8) + -7.
5
Evaluate (-8 + (8 - -4) - 4) + -3.
-3
What is (13 + -6 - 4) + -8?
-5
Evaluate (-18 - -14) + (0 + 2 - 2).
-4
What is the value of -3 + (-4 - -9) + (-6 - -3)?
-1
What is the value of 7 + (1 - (2 - -2))?
4
-3 + 2 - ((2 - -2) + -2)
-3
-27 - -18 - (-3 - 1) - -6
1
What is the value of 5 + (-8 + 2 - -1 - 0)?
0
Evaluate -3 + 1 - 0 - 6.
-8
What is -4 + -2 + 7 + -3 + 5?
3
Calculate (0 - (0 + -2 - 2)) + -1.
3
What is the value of 3 - (0 - -5 - 0)?
-2
Evaluate (-15 - -17) + (4 - 1).
5
Evaluate 2 + (-1 - -1 - -3 - 5).
0
Evaluate -8 + 5 + 1 + 3.
1
What is the value of -3 + (3 + 4 - 10)?
-6
-1 - (0 - 2) - 1 - -4
4
Calculate -1 - ((1 - (5 + 0)) + 5).
-2
What is the value of (8 - 0) + -5 - -1?
4
(0 - (-1 - 5)) + (-1 - 0)
5
Calculate -1 + 1 + 21 + -15.
6
Calculate 3 + -7 + (12 - 5).
3
What is (5 - 17) + 10 + 0 + 3?
1
What is the value of 5 + -1 + (-4 - -4) + -1?
3
What is 6 + 3 + -14 + 6 + 5?
6
Calculate -4 + -1 + 10 - 9 - -4.
0
What is -8 - -6 - ((-3 - -2) + -2)?
1
What is -1 - (5 - 8 - -4)?
-2
What is the value of -2 - (7 - 2) - (-3 + 0)?
-4
What is the value of -4 - (1 - 1) - -3?
-1
Evaluate 2 + -1 - (16 - 19).
4
What is -5 + (4 - 2) - (-2 - 0)?
-1
Evaluate 6 + (-1 - 0) + 0.
5
What is -11 - (3 + -10) - 4?
-8
What is (-4 - -11) + -6 + 1 + 1?
3
Evaluate -99 + 112 - (1 + 8).
4
Calculate -6 - (5 - 6 - 6).
1
What is the value of -49 - -48 - (2 + 1)?
-4
(8 - 0) + -2 + 6 + -7
5
-17 - (18 - 9 - 18)
-8
What is the value of 5 + 0 + -5 - 0?
0
What is -4 + 6 + -1 - 4?
-3
What is the value of (1 - -1) + (-4 - -32 - 23)?
7
What is 0 + (-2 + 0 - -5)?
3
What is the value of -1 + 14 + (3 - 10)?
6
What is the value of 1 - (2 - 0 - 0)?
-1
Calculate 18 + -5 + -5 - (-1 - -5).
4
What is the value of (26 - 1 - 18) + (-1 - -4)?
10
Calculate -7 + 7 + 2 + -4 - 0.
-2
Calculate (-4 - 1) + (11 - 14).
-8
Evaluate 7 + (14 - 9) + -4.
8
-1 - 7 - (-1 + (-3 - -2))
-6
Evaluate -14 + 20 - (1 + 1).
4
What is -5 + (0 - (-3 - -1 - -1))?
-4
What is -3 + -3 + (12 - 6)?
0
(-1 - (-2 - -4)) + (-1 - -3)
-1
(-7 - -4) + 6 + -9 - -1
-5
What is 0 + (-13 - -14 - (7 + 0))?
-6
What is -2 - (1 + -2) - (-17 + 15)?
1
Evaluate -3 - (-3 + -2 + 4 + -1).
-1
What is the value of -2 + -2 - (1 + -6) - 3?
-2
What is -5 - (0 + (2 + 2 - 9))?
0
-3 - (1 - 6 - -1)
1
6 + -6 - (-1 + 0)
1
What is the value of (-1 - 1) + 1 - (15 - 18)?
2
What is 19 + -5 + -13 + 8?
9
Calculate 6 - 5 - (8 - 1).
-6
Evaluate -1 - (4 - 2) - (-32 - -33).
-4
What is the value of (10 - 6 - 3) + 2?
3
What is the value of 1 - (5 + 0) - (-1 + 0)?
-3
What is the value of 12 + 12 + -25 - (-1 + -4)?
4
Calculate (-6 - (-2 + -1)) + -3.
-6
Evaluate -1 - (2 + (6 - 6) + -11).
8
-3 + 8 + (-15 - 0) - -1
-9
(-11 + 13 - (-1 - 2)) + -9
-4
((5 - 3) + -6 - -5) + -1
0
Calculate -5 + 15 + (6 - 12).
4
What is the value of -3 - (9 - (9 - -7))?
4
What is the value of -7 - -18 - (-2 + 22)?
-9
What is the value of -1 + 2 + (-3 + 3 - 4)?
-3
Calculate 8 + -5 - (5 - 4).
2
Evaluate 5 + -2 - (-8 + 8).
3
What is the value of 0 + (-5 - (6 - 13))?
2
What is -5 + 15 + -19 + 12?
3
What is 8 - (6 - -5 - 6)?
3
2 + (1 - 5) + 3 + -3
-2
6 - 9 - (3 - 10)
4
Calculate 10 - -2 - 14 - (-4 + -1).
3
Evaluate -28 + 31 - (-1 + 8 - 1).
-3
-15 + 8 - (-5 + 1)
-3
19 + -19 - (1 + 0 + 0)
-1
Evaluate 6 - (6 - 5 - 0).
5
What is the value of 1 - 0 - (-1 - 1)?
3
Calculate -7 + -1 + (7 - 2).
-3
7 + (-2 - -1) + 3 + -4
5
-47 - -46 - ((0 - -2) + -2)
-1
Evaluate 1 - (-7 - -4 - 2).
6
Evaluate (2 - 0) + (-25 - -24).
1
Evaluate (-6 - (-8 - -4 - -10)) + 3.
-9
What is the value of (-9 + 14 - 7) + 1 + -2?
-3
What is the value of -8 + 3 + 0 + 3 + -3?
-5
Evaluate -1 + -1 - (-6 + (-9 - -17)).
-4
(3 - -7 - 3) + -9
-2
(16 - (3 - -13)) + 8 + 0
8
-12 + 0 + 10 - -3
1
What is the value of 4 + (-3 - (2 + -3 + -1))?
3
What is the value of (6 - (4 + 0)) + (1 - 3)?
0
Evaluate (1 - 5) + 3 + 10.
9
9 - 5 - (-1 + 0 + 8)
-3
9 + 4 + -2 + -6
5
Evaluate -3 - 2 - (-1 + 0).
-4
Evaluate 2 + -7 + (16 - 8).
3
What is the value of -14 + 8 + 12 - (16 + -1)?
-9
What is the value of -6 + 6 + 9 + -13?
-4
What is 1